 is the hundreds digit of 701287368?
3
What is the billions digit of 1336954176?
1
What is the tens digit of 104580184?
8
What is the ten thousands digit of 389817429?
1
What is the tens digit of 41110118?
1
What is the millions digit of 391588745?
1
What is the units digit of 79290947?
7
What is the tens digit of 2966809380?
8
What is the thousands digit of 493496091?
6
What is the millions digit of 384895577?
4
What is the units digit of 33793400?
0
What is the tens digit of 31552545?
4
What is the billions digit of 1797263889?
1
What is the hundred thousands digit of 230484836?
4
What is the millions digit of 642622464?
2
What is the millions digit of 59120913?
9
What is the ten thousands digit of 1595519614?
1
What is the ten thousands digit of 1270897627?
9
What is the millions digit of 672059834?
2
What is the thousands digit of 75445850?
5
What is the hundreds digit of 23323572?
5
What is the ten millions digit of 4283408608?
8
What is the ten millions digit of 20271171?
2
What is the units digit of 1425500471?
1
What is the ten millions digit of 323113021?
2
What is the hundreds digit of 105774752?
7
What is the thousands digit of 411733268?
3
What is the ten thousands digit of 153908179?
0
What is the units digit of 99105233?
3
What is the ten millions digit of 45947152?
4
What is the tens digit of 1357807329?
2
What is the hundreds digit of 1751325522?
5
What is the hundred thousands digit of 1116210108?
2
What is the tens digit of 526949009?
0
What is the hundred thousands digit of 35832008?
8
What is the hundred thousands digit of 110350350?
3
What is the tens digit of 1682424695?
9
What is the ten millions digit of 18881229?
1
What is the tens digit of 1031765763?
6
What is the thousands digit of 100073297?
3
What is the units digit of 159525674?
4
What is the ten millions digit of 412233349?
1
What is the millions digit of 636728928?
6
What is the millions digit of 41659400?
1
What is the thousands digit of 4349191102?
1
What is the ten millions digit of 81696421?
8
What is the tens digit of 3198666511?
1
What is the hundreds digit of 556895774?
7
What is the hundred millions digit of 466989477?
4
What is the hundred millions digit of 597245543?
5
What is the hundreds digit of 3242567679?
6
What is the thousands digit of 5948916613?
6
What is the millions digit of 24779642?
4
What is the hundreds digit of 78197202?
2
What is the tens digit of 71682824?
2
What is the units digit of 7688633?
3
What is the ten thousands digit of 53841629?
4
What is the tens digit of 3437586875?
7
What is the hundreds digit of 785146249?
2
What is the units digit of 1669542550?
0
What is the ten thousands digit of 359238768?
3
What is the millions digit of 399271549?
9
What is the hundreds digit of 585345531?
5
What is the thousands digit of 20257245?
7
What is the tens digit of 4388232558?
5
What is the tens digit of 203477233?
3
What is the billions digit of 3011309253?
3
What is the hundreds digit of 37227279?
2
What is the tens digit of 1920800548?
4
What is the units digit of 7774589319?
9
What is the ten millions digit of 40544719?
4
What is the ten thousands digit of 70519041?
1
What is the hundred millions digit of 4975665842?
9
What is the ten millions digit of 302093846?
0
What is the ten thousands digit of 146408229?
0
What is the hundred thousands digit of 661536971?
5
What is the tens digit of 4723749357?
5
What is the hundred thousands digit of 1063260195?
2
What is the billions digit of 2247977005?
2
What is the ten thousands digit of 88375090?
7
What is the millions digit of 99953921?
9
What is the units digit of 1360206662?
2
What is the hundred thousands digit of 5287853911?
8
What is the tens digit of 267801581?
8
What is the ten millions digit of 156097605?
5
What is the ten thousands digit of 41932962?
3
What is the hundreds digit of 387993367?
3
What is the ten millions digit of 583067880?
8
What is the ten thousands digit of 38939671?
3
What is the tens digit of 4766240653?
5
What is the ten millions digit of 462467647?
6
What is the millions digit of 36508251?
6
What is the hundred millions digit of 125151115?
1
What is the hundred millions digit of 115570070?
1
What is the ten millions digit of 182753360?
8
What is the hundred millions digit of 1004744474?
0
What is the billions digit of 5976304359?
5
What is the ten millions digit of 2408484698?
0
What is the thousands digit of 269503806?
3
What is the hundred thousands digit of 52157220?
1
What is the hundred thousands digit of 166245838?
2
What is the units digit of 1737497443?
3
What is the thousands digit of 1022930556?
0
What is the thousands digit of 4103281?
3
What is the ten millions digit of 53519404?
5
What is the thousands digit of 104013563?
3
What is the tens digit of 735631147?
4
What is the hundreds digit of 4261116620?
6
What is the hundreds digit of 2640619982?
9
What is the ten thousands digit of 70033668?
3
What is the ten thousands digit of 300729725?
2
What is the millions digit of 4853074238?
3
What is the ten thousands digit of 194270958?
7
What is the tens digit of 938651443?
4
What is the hundred thousands digit of 3824625610?
6
What is the ten thousands digit of 62116824?
1
What is the hundred thousands digit of 2364249629?
2
What is the thousands digit of 617644271?
4
What is the ten millions digit of 300940082?
0
What is the tens digit of 194210380?
8
What is the ten millions digit of 381484384?
8
What is the hundred millions digit of 285107034?
2
What is the tens digit of 127481670?
7
What is the millions digit of 299950636?
9
What is the millions digit of 4578123163?
8
What is the ten thousands digit of 250028633?
2
What is the thousands digit of 63179501?
9
What is the units digit of 64460113?
3
What is the hundred thousands digit of 485797559?
7
What is the units digit of 222707393?
3
What is the millions digit of 82396822?
2
What is the ten thousands digit of 1452576905?
7
What is the units digit of 1261176031?
1
What is the ten millions digit of 51826631?
5
What is the ten thousands digit of 317454336?
5
What is the ten thousands digit of 516869438?
6
What is the units digit of 66800456?
6
What is the tens digit of 1789488180?
8
What is the ten thousands digit of 1980269552?
6
What is the hundred millions digit of 351188761?
3
What is the tens digit of 106397095?
9
What is the hundred thousands digit of 122669911?
6
What is the units digit of 25277921?
1
What is the units digit of 677895794?
4
What is the ten thousands digit of 22388311?
8
What is the ten millions digit of 3004059516?
0
What is the ten millions digit of 247018705?
4
What is the ten millions digit of 1210961147?
1
What is the ten thousands digit of 203876955?
7
What is the units digit of 297246556?
6
What is the thousands digit of 130792017?
2
What is the tens digit of 84839746?
4
What is the tens digit of 2272373271?
7
What is the units digit of 1575406591?
1
What is the hundred thousands digit of 1510818706?
8
What is the ten millions digit of 63506250?
6
What is the tens digit of 1686149161?
6
What is the ten millions digit of 1577939829?
7
What is the thousands digit of 2410389157?
9
What is the ten millions digit of 433987027?
3
What is the millions digit of 542921660?
2
What is the hundred millions digit of 610466411?
6
What is the millions digit of 1304745324?
4
What is the tens digit of 5347455621?
2
What is the hundred thousands digit of 30491191?
4
What is the billions digit of 1079294484?
1
What is the ten thousands digit of 19266935?
6
What is the hundred millions digit of 2694359726?
6
What is the ten thousands digit of 147504142?
0
What is the billions digit of 3994419937?
3
What is the units digit of 549931834?
4
What is the tens digit of 667099198?
9
What is the tens digit of 2977220?
2
What is the units digit of 125287317?
7
What is the tens digit of 2241811993?
9
What is the millions digit of 244955043?
4
What is the units digit of 4501606624?
4
What is the units digit of 30840412?
2
What is the millions digit of 57530203?
7
What is the hundreds digit of 117013759?
7
What is the thousands digit of 1447922692?
2
What is the ten thousands digit of 88709382?
0
What is the units digit of 27665522?
2
What is the thousands digit of 31893359?
3
What is the bil